{"id":3988,"date":"2026-03-24T11:49:17","date_gmt":"2026-03-24T11:49:17","guid":{"rendered":"https:\/\/www.agrosynergos.com\/?page_id=3988"},"modified":"2026-03-24T11:50:30","modified_gmt":"2026-03-24T11:50:30","slug":"misyonumuz","status":"publish","type":"page","link":"https:\/\/www.agrosynergos.com\/?page_id=3988","title":{"rendered":"Misyonumuz"},"content":{"rendered":"\t\t<div data-elementor-type=\"wp-page\" data-elementor-id=\"3988\" class=\"elementor elementor-3988\">\n\t\t\t\t<div class=\"elementor-element elementor-element-6e24f47 e-flex e-con-boxed e-con e-parent\" data-id=\"6e24f47\" data-element_type=\"container\" data-e-type=\"container\">\n\t\t\t\t\t<div class=\"e-con-inner\">\n\t\t\t\t<div class=\"elementor-element elementor-element-873f8ce elementor-widget elementor-widget-text-editor\" data-id=\"873f8ce\" data-element_type=\"widget\" data-e-type=\"widget\" data-settings=\"{&quot;wdt_animation_effect&quot;:&quot;none&quot;}\" data-widget_type=\"text-editor.default\">\n\t\t\t\t\t\t\t\t\t<p class=\"p1\">Agro Synergos A.\u015e.\u2019nin misyonu, m\u00fchendislik ve tar\u0131m\u0131 ayn\u0131 zeminde bulu\u015fturarak, sahadaki ger\u00e7ek ihtiya\u00e7lara cevap veren s\u00fcrd\u00fcr\u00fclebilir, yenilik\u00e7i, ekonomik ve eri\u015filebilir teknolojiler geli\u015ftirmektir. Amac\u0131m\u0131z; tar\u0131msal \u00fcretimde verimlili\u011fi art\u0131ran, maliyetleri azaltan, do\u011fal kaynak kullan\u0131m\u0131n\u0131 optimize eden ve \u00fcretimin \u00e7evresel etkisini d\u00fc\u015f\u00fcren \u00e7\u00f6z\u00fcmleri \u00fcreticiler, i\u015fletmeler ve sekt\u00f6r payda\u015flar\u0131 ile bulu\u015fturmakt\u0131r.<\/p><p class=\"p1\">Bu do\u011frultuda, yaln\u0131zca \u00fcr\u00fcn geli\u015ftiren bir yap\u0131 de\u011fil; ayn\u0131 zamanda dan\u0131\u015fmanl\u0131k, g\u00fcd\u00fcml\u00fc Ar-Ge, \u00f6zel proje tasar\u0131m\u0131 ve saha uyarlama hizmetleri sunan bir teknoloji orta\u011f\u0131 olarak konumlan\u0131yoruz. Her \u00e7\u00f6z\u00fcm\u00fcm\u00fczde bilimi, m\u00fchendisli\u011fi, saha deneyimini ve s\u00fcrd\u00fcr\u00fclebilirlik perspektifini birlikte ele al\u0131yoruz.<\/p>\t\t\t\t\t\t\t\t<\/div>\n\t\t\t\t\t<\/div>\n\t\t\t\t<\/div>\n\t\t\t\t<\/div>\n\t\t","protected":false},"excerpt":{"rendered":"<p>Agro Synergos A.\u015e.\u2019nin misyonu, m\u00fchendislik ve tar\u0131m\u0131 ayn\u0131 zeminde bulu\u015fturarak, sahadaki ger\u00e7ek ihtiya\u00e7lara cevap veren s\u00fcrd\u00fcr\u00fclebilir, yenilik\u00e7i, ekonomik ve eri\u015filebilir teknolojiler geli\u015ftirmektir. Amac\u0131m\u0131z; tar\u0131msal \u00fcretimde verimlili\u011fi art\u0131ran, maliyetleri azaltan, do\u011fal kaynak kullan\u0131m\u0131n\u0131 optimize eden ve \u00fcretimin \u00e7evresel etkisini d\u00fc\u015f\u00fcren \u00e7\u00f6z\u00fcmleri \u00fcreticiler, i\u015fletmeler ve sekt\u00f6r payda\u015flar\u0131 ile bulu\u015fturmakt\u0131r. Bu do\u011frultuda, yaln\u0131zca \u00fcr\u00fcn geli\u015ftiren bir yap\u0131 de\u011fil; [&hellip;]<\/p>\n","protected":false},"author":2,"featured_media":0,"parent":0,"menu_order":0,"comment_status":"closed","ping_status":"closed","template":"","meta":{"_monsterinsights_skip_tracking":false,"_monsterinsights_sitenote_active":false,"_monsterinsights_sitenote_note":"","_monsterinsights_sitenote_category":0,"footnotes":""},"class_list":["post-3988","page","type-page","status-publish","hentry"],"aioseo_notices":[],"_links":{"self":[{"href":"https:\/\/www.agrosynergos.com\/index.php?rest_route=\/wp\/v2\/pages\/3988","targetHints":{"allow":["GET"]}}],"collection":[{"href":"https:\/\/www.agrosynergos.com\/index.php?rest_route=\/wp\/v2\/pages"}],"about":[{"href":"https:\/\/www.agrosynergos.com\/index.php?rest_route=\/wp\/v2\/types\/page"}],"author":[{"embeddable":true,"href":"https:\/\/www.agrosynergos.com\/index.php?rest_route=\/wp\/v2\/users\/2"}],"replies":[{"embeddable":true,"href":"https:\/\/www.agrosynergos.com\/index.php?rest_route=%2Fwp%2Fv2%2Fcomments&post=3988"}],"version-history":[{"count":4,"href":"https:\/\/www.agrosynergos.com\/index.php?rest_route=\/wp\/v2\/pages\/3988\/revisions"}],"predecessor-version":[{"id":3992,"href":"https:\/\/www.agrosynergos.com\/index.php?rest_route=\/wp\/v2\/pages\/3988\/revisions\/3992"}],"wp:attachment":[{"href":"https:\/\/www.agrosynergos.com\/index.php?rest_route=%2Fwp%2Fv2%2Fmedia&parent=3988"}],"curies":[{"name":"wp","href":"https:\/\/api.w.org\/{rel}","templated":true}]}}