{"id":4090,"date":"2026-03-26T09:00:18","date_gmt":"2026-03-26T09:00:18","guid":{"rendered":"https:\/\/www.agrosynergos.com\/?page_id=4090"},"modified":"2026-03-26T09:02:37","modified_gmt":"2026-03-26T09:02:37","slug":"sulama-gubreleme-ve-ilaclama-karar-destek-sistemleri","status":"publish","type":"page","link":"https:\/\/www.agrosynergos.com\/?page_id=4090","title":{"rendered":"Sulama, G\u00fcbreleme ve \u0130la\u00e7lama Karar Destek Sistemleri"},"content":{"rendered":"\t\t<div data-elementor-type=\"wp-page\" data-elementor-id=\"4090\" class=\"elementor elementor-4090\">\n\t\t\t\t<div class=\"elementor-element elementor-element-c170080 e-flex e-con-boxed e-con e-parent\" data-id=\"c170080\" data-element_type=\"container\" data-e-type=\"container\">\n\t\t\t\t\t<div class=\"e-con-inner\">\n\t\t<div class=\"elementor-element elementor-element-3062ccc e-con-full e-flex e-con e-child\" data-id=\"3062ccc\" data-element_type=\"container\" data-e-type=\"container\">\n\t\t\t\t<div class=\"elementor-element elementor-element-7979de7 elementor-widget elementor-widget-image\" data-id=\"7979de7\" data-element_type=\"widget\" data-e-type=\"widget\" data-settings=\"{&quot;wdt_animation_effect&quot;:&quot;none&quot;}\" data-widget_type=\"image.default\">\n\t\t\t\t\t\t\t\t\t\t\t\t\t\t\t<img fetchpriority=\"high\" decoding=\"async\" width=\"512\" height=\"512\" src=\"https:\/\/www.agrosynergos.com\/wp-content\/uploads\/2026\/03\/StockCake-Agriculture_Data_Analysis-521682-medium.webp\" class=\"attachment-large size-large wp-image-4093\" alt=\"\" srcset=\"https:\/\/www.agrosynergos.com\/wp-content\/uploads\/2026\/03\/StockCake-Agriculture_Data_Analysis-521682-medium.webp 512w, https:\/\/www.agrosynergos.com\/wp-content\/uploads\/2026\/03\/StockCake-Agriculture_Data_Analysis-521682-medium-300x300.webp 300w, https:\/\/www.agrosynergos.com\/wp-content\/uploads\/2026\/03\/StockCake-Agriculture_Data_Analysis-521682-medium-150x150.webp 150w, https:\/\/www.agrosynergos.com\/wp-content\/uploads\/2026\/03\/StockCake-Agriculture_Data_Analysis-521682-medium-100x100.webp 100w\" sizes=\"(max-width: 512px) 100vw, 512px\" \/>\t\t\t\t\t\t\t\t\t\t\t\t\t\t\t<\/div>\n\t\t\t\t<\/div>\n\t\t<div class=\"elementor-element elementor-element-73759b0 e-con-full e-flex e-con e-child\" data-id=\"73759b0\" data-element_type=\"container\" data-e-type=\"container\">\n\t\t\t\t<div class=\"elementor-element elementor-element-a192729 elementor-widget elementor-widget-text-editor\" data-id=\"a192729\" data-element_type=\"widget\" data-e-type=\"widget\" data-settings=\"{&quot;wdt_animation_effect&quot;:&quot;none&quot;}\" data-widget_type=\"text-editor.default\">\n\t\t\t\t\t\t\t\t\t<p class=\"p1\">Tar\u0131mda do\u011fru zamanda, do\u011fru miktarda ve do\u011fru y\u00f6ntemle uygulama yap\u0131lmas\u0131 verimlilik a\u00e7\u0131s\u0131ndan kritik \u00f6neme sahiptir. Agro Synergos bu ihtiyaca cevap verebilmek i\u00e7in sens\u00f6r, yaz\u0131l\u0131m ve veri analiti\u011fi tabanl\u0131 sulama, g\u00fcbreleme ve ila\u00e7lama karar destek sistemleri geli\u015ftirmektedir.<\/p><p class=\"p1\">Bu sistemler; saha verilerinin toplanmas\u0131, analiz edilmesi ve kullan\u0131c\u0131lara uygulanabilir \u00f6neriler sunulmas\u0131 prensibiyle \u00e7al\u0131\u015f\u0131r. Ama\u00e7, \u00fcretim kararlar\u0131n\u0131 sezgisel yakla\u015f\u0131mlardan \u00e7\u0131kar\u0131p veri temelli hale getirmek; su, g\u00fcbre ve pestisit kullan\u0131m\u0131nda optimizasyon sa\u011flamakt\u0131r. B\u00f6ylece hem \u00fcretim maliyetleri d\u00fc\u015fmekte hem de \u00e7evresel s\u00fcrd\u00fcr\u00fclebilirlik g\u00fc\u00e7lenmektedir.<\/p>\t\t\t\t\t\t\t\t<\/div>\n\t\t\t\t<\/div>\n\t\t\t\t\t<\/div>\n\t\t\t\t<\/div>\n\t\t\t\t<\/div>\n\t\t","protected":false},"excerpt":{"rendered":"<p>Tar\u0131mda do\u011fru zamanda, do\u011fru miktarda ve do\u011fru y\u00f6ntemle uygulama yap\u0131lmas\u0131 verimlilik a\u00e7\u0131s\u0131ndan kritik \u00f6neme sahiptir. Agro Synergos bu ihtiyaca cevap verebilmek i\u00e7in sens\u00f6r, yaz\u0131l\u0131m ve veri analiti\u011fi tabanl\u0131 sulama, g\u00fcbreleme ve ila\u00e7lama karar destek sistemleri geli\u015ftirmektedir. Bu sistemler; saha verilerinin toplanmas\u0131, analiz edilmesi ve kullan\u0131c\u0131lara uygulanabilir \u00f6neriler sunulmas\u0131 prensibiyle \u00e7al\u0131\u015f\u0131r. Ama\u00e7, \u00fcretim kararlar\u0131n\u0131 sezgisel yakla\u015f\u0131mlardan [&hellip;]<\/p>\n","protected":false},"author":2,"featured_media":0,"parent":0,"menu_order":0,"comment_status":"closed","ping_status":"closed","template":"","meta":{"_monsterinsights_skip_tracking":false,"_monsterinsights_sitenote_active":false,"_monsterinsights_sitenote_note":"","_monsterinsights_sitenote_category":0,"footnotes":""},"class_list":["post-4090","page","type-page","status-publish","hentry"],"aioseo_notices":[],"_links":{"self":[{"href":"https:\/\/www.agrosynergos.com\/index.php?rest_route=\/wp\/v2\/pages\/4090","targetHints":{"allow":["GET"]}}],"collection":[{"href":"https:\/\/www.agrosynergos.com\/index.php?rest_route=\/wp\/v2\/pages"}],"about":[{"href":"https:\/\/www.agrosynergos.com\/index.php?rest_route=\/wp\/v2\/types\/page"}],"author":[{"embeddable":true,"href":"https:\/\/www.agrosynergos.com\/index.php?rest_route=\/wp\/v2\/users\/2"}],"replies":[{"embeddable":true,"href":"https:\/\/www.agrosynergos.com\/index.php?rest_route=%2Fwp%2Fv2%2Fcomments&post=4090"}],"version-history":[{"count":4,"href":"https:\/\/www.agrosynergos.com\/index.php?rest_route=\/wp\/v2\/pages\/4090\/revisions"}],"predecessor-version":[{"id":4096,"href":"https:\/\/www.agrosynergos.com\/index.php?rest_route=\/wp\/v2\/pages\/4090\/revisions\/4096"}],"wp:attachment":[{"href":"https:\/\/www.agrosynergos.com\/index.php?rest_route=%2Fwp%2Fv2%2Fmedia&parent=4090"}],"curies":[{"name":"wp","href":"https:\/\/api.w.org\/{rel}","templated":true}]}}